termine k(v).
-2
Let a(i) = -i**2 + 2*i + 2. Suppose -44 = -4*z - 56. What is a(z)?
-13
Suppose 9 = -7*p + 51. Let v(b) = -2*b - 6. Calculate v(p).
-18
Let m(n) = 2*n**3 - 2 - 6*n**2 - 3*n**3 - 5*n + 1. Calculate m(-5).
-1
Let m(c) = -c + 2. Let s(b) = -b. Let o(a) = -m(a) - 3*s(a). Calculate o(-5).
-22
Let n(w) = -w**3 + w**2 - 1. Let d(m) = m**2 - m - 2. Let z = -23 + 23. Let k be d(z). Determine n(k).
11
Let c(g) be the first derivative of g**3/3 + g**2 - 3*g + 10. Determine c(-4).
5
Let w(v) be the first derivative of -v**4/4 + v**2 + 3. Let c(l) be the second derivative of w(l). What is c(-1)?
6
Let m(r) = -2 + 2 - r + 4. Suppose y = -0*y + 7. Let d(k) = k - 2. Let q be d(y). What is m(q)?
-1
Let k be 1 - (-5)/(10/4). Let r be (-44)/(-10) + (-6)/15. Let c(g) = g - 4 - 3 + r. Give c(k).
0
Suppose 12*r = 7 + 5. Let h(y) = -3*y**3 + 6*y**2 - 11*y + 8. Let i(g) = -g**3 + 2*g**2 - 4*g + 3. Let n(j) = 4*h(j) - 11*i(j). Give n(r).
0
Let m(s) be the first derivative of -3*s - 1/3*s**3 + 2 - 3/2*s**2. Suppose -5*q = -y + 5 - 19, 5*q - 26 = 4*y. Determine m(y).
-7
Let h(k) = -k + 13. Suppose -36 + 6 = -3*u. Calculate h(u).
3
Let c(t) = -t**2 + 3*t + 7. Suppose -26 = -5*o + 4*h, -3 = -2*o + 5*h + 4. What is c(o)?
-11
Let t = 37 - 40. Let r(q) = -q + 1. Calculate r(t).
4
Let f(z) = z**3 + z - z - z**2. Let a = -9 + 13. Suppose -a*v - 4*o = -2*v + 18, -2*o - 11 = -v. Give f(v).
0
Suppose 24 = -5*f - d + 2*d, -3*f - 3*d = 0. Let q(z) = z**2 + 3*z - 4. What is q(f)?
0
Let y(a) be the first derivative of -a**5/20 - a**4/6 + a**3/2 + a**2/2 - 6*a - 2. Let c(i) be the first derivative of y(i). Calculate c(-3).
1
Suppose 1 = 5*f - 3*r + 5, -3*r = 3*f - 12. Let y(n) = n**2 + 2*n - 1. Calculate y(f).
2
Let g(k) be the first derivative of -k**2/2 + 4*k - 4. Calculate g(-4).
8
Let z(f) = f**2 - f + 2. Let o = 5 - 2. Suppose 0 = -q - j + 6 - 3, -o = -3*q + 3*j. Calculate z(q).
4
Let u(l) = -l**3 - 3*l**2 - 2*l + 1. Let y(i) = -i**2 - 2*i - 3. Let q be y(-2). What is u(q)?
7
Let h(d) be the second derivative of d**6/120 - d**5/15 + 5*d**4/24 - 2*d**3/3 - 3*d**2/2 + 3*d. Let l(q) be the first derivative of h(q). What is l(3)?
2
Let c = -18 + 19. Let t(z) = -7*z + 1. Give t(c).
-6
Let z(h) = h**2 + 11*h - 19. Let r be z(-12). Let w(q) = -q**3 - 7*q**2 + q + 7. Calculate w(r).
0
Let o(g) = 3*g + 2. Let j be (1 + -1)/(-1 + -2). Suppose j = 5*d - 31 + 11. Suppose -11 - 1 = d*b. Calculate o(b).
-7
Let x(l) be the third derivative of -l**5/60 - l**4/12 + l**3/6 - 2*l**2. Suppose 0 = u - 4*g - 5, 3*u - 2 + 1 = 5*g. Calculate x(u).
-2
Let r(v) = v - 1. Let k be r(5). Suppose 3*u - k = u. Let f(n) be the second derivative of -n**4/6 + n**3/6 + n**2/2 - n. Calculate f(u).
-5
Let a(m) = 12 + m**3 - 162*m + 321*m - 159*m - m**2. Determine a(0).
12
Let y(m) = m + 7. Suppose -5*g = 4*s + 16, -3 - 6 = g - 5*s. Let a be 3 + (-7 - g/(-4)). Give y(a).
2
Let h(q) = 9*q. Let v(m) = -m**3 - 14*m**2 + m + 13. Let g be v(-14). Determine h(g).
-9
Let a(v) = -5*v. Let c(f) = 3 - 1 + f**2 - 9*f - 2*f**2. Let k be c(-9). Calculate a(k).
-10
Let o(f) = 3*f - 2. Let g be -2 - (0/1 + 1). Let n be (-2)/15*g*-5. Let d = 0 - n. What is o(d)?
4
Let d(g) = -3*g**2 - 3*g + 2*g**2 + 3*g + 5*g + 6. Suppose -r = l - 3, -4*l - 2*r + 36 = -6*r. Give d(l).
0
Let j(m) be the third derivative of m**6/120 - m**5/40 + m**3/2 - 3*m**2. Let d(v) be the first derivative of j(v). What is d(2)?
6
Let t = -5 + 10. Let u be (-4 + t)/((-1)/(-2)). Let d(r) = r**2 - 6*r**3 - 2*r + 3 + 3*r - u. Give d(-1).
7
Let w = -13 + 9. Let u = w + 7. Let s(h) = u*h - 4*h + 6 - 2 - h**2. Calculate s(-3).
-2
Let j(f) = -f**3 + f**2 + 2*f - 1. Let n be 1/(18/42) + 2/(-6). Determine j(n).
-1
Let j(x) = 9*x - 1. Let i be j(-1). Let y be 4/i*(8 + -3). Let f(w) = -2*w + 1. Give f(y).
5
Let t(f) = f**2 + 7*f - 1. Let u be t(-6). Let p(o) = -o**2 - 7*o + 2. Determine p(u).
2
Let f(k) = -k - 3. Let c(s) = -s - 3. Let g(h) = 3*c(h) - 4*f(h). Calculate g(6).
9
Let y(r) = -15 - r + 29 - 17. What is y(-7)?
4
Let a(b) be the first derivative of 3*b**2/2 - b + 3. Determine a(-3).
-10
Let a(t) be the first derivative of -2*t**3/3 + 2*t - 3. Suppose -2*q = c - 8, -1 = 2*c - 4*q + 23. Calculate a(c).
-6
Suppose 0 = 5*t - 0*t + 10. Let h be 3/t*4/6. Let x(k) be the second derivative of -k**5/20 + k**3/6 + k**2/2 - 4*k. Determine x(h).
1
Let p(j) = -2*j - 1. Let r(i) = i**2 - 13*i - 18. Let t be r(14). Determine p(t).
7
Let j(z) = -18*z**2 - 1. Suppose -5*l - 5 = -5*n, 3*l = 4*n + n - 7. Determine j(l).
-19
Let d(c) = c**3 + 7*c**2 + 7*c + 2. Let g be d(-6). Let a = g + 6. Let r(l) = -2 + a*l + 4*l - 4*l. Give r(5).
8
Let k(d) = 2*d**3 + 5*d**2 + 5*d + 5. Let z = 6 - 15. Let h(i) = 5*i**3 + 11*i**2 + 11*i + 11. Let y(u) = z*k(u) + 4*h(u). Give y(-1).
-3
Let v(y) = -5*y - 15. Let i(s) = -2*s - 5. Let x(j) = 11*i(j) - 4*v(j). Give x(5).
-5
Let i = 1 - 0. Let c(b) be the third derivative of -1/15*b**5 - 1/6*b**3 + 0 - 3*b**2 + 0*b + 1/12*b**4. What is c(i)?
-3
Let q(b) = -2 + 4*b - 5*b + 4. Let a = 55 - 61. What is q(a)?
8
Let n(w) = w**2 + 5*w - 6. Let k(j) = -4*j**2 - 5*j + 4. Let i be k(1). Determine n(i).
-6
Let i(h) = 4*h**2 - 5*h - 3*h + 7 - 2*h**2 - 8*h**2 + h**3. Give i(7).
0
Let z(d) be the second derivative of -d**4/12 + d**3/3 + d**2/2 + 10*d. Determine z(3).
-2
Let p(n) be the third derivative of n**5/60 + 7*n**4/24 - 13*n**3/6 + 5*n**2. Determine p(-9).
5
Suppose 0 = -3*p + 3*c + 12, 2*c + 8 = -3*p - 0*p. Let q(l) = -l + 6. Give q(p).
6
Let f(h) be the first derivative of h**4/4 + 2*h**3/3 - 2*h**2 - h - 2. Let q be 12*2/(-6)*-3. Suppose 0 = 3*g + g + q. Calculate f(g).
2
Suppose -z + 6 - 4 = 0. Let u(j) = -6*j**2 + j + 5*j**2 - z + 3*j. Give u(4).
-2
Let r(a) be the third derivative of -a**6/120 - a**5/15 + a**4/24 + 5*a**3/6 + 4*a**2. Let q be (-18)/14 + 6/21. Let s = -5 - q. Determine r(s).
1
Let o(k) = -k**2 + k + 1. Suppose 8 + 0 = -4*h. Let t = -5 - h. Calculate o(t).
-11
Let l be (0/(-1))/(-2) - -1. Let n(k) be the third derivative of -7*k**4/24 + 4*k**2. Determine n(l).
-7
Let r(z) = -z. Let o(k) = -7*k - 2. Let m(h) = -o(h) + 2*r(h). Give m(-2).
-8
Let f(c) = 95 + 7*c - 95. Determine f(-2).
-14
Let j(c) = -2*c**3 - 3*c**2 - 2*c + 4. Let n(a) = a**3 + a**2 + a - 2. Suppose 0 = 5*w + 23 + 17. Let k = w + 11. Let s(r) = k*j(r) + 5*n(r). Determine s(-4).
6
Let n(y) = y**3 - 9*y**2 - y - 6. Let h(o) = -o**3 + 10*o**2 + 7. Let p(x) = -4*h(x) - 5*n(x). Suppose 0*t = 4*t. Suppose 3*i - 18 = -t. Give p(i).
-4
Let v(k) = k**3 + k**2 + 6. Let j(c) = c**3 + 2*c**2 - c - 2. Let t be j(-2). What is v(t)?
6
Let t(p) = -p - 3. Let l be ((-6)/(-9))/((-14)/105). Determine t(l).
2
Let d(p) be the third derivative of p**5/60 + 7*p**4/24 + 5*p**3/6 - 10*p**2. What is d(-4)?
-7
Let y(p) = -p - 1. Suppose 0 = 2*r + 2*r - 4*f - 8, -4*f + 4 = 0. Let s be 1 + 14/(1 - r). Calculate y(s).
5
Suppose 6*g - 1 = 5*g. Let q(j) = 2*j**2 - j. Calculate q(g).
1
Let k(d) be the third derivative of d**4/8 - 2*d**3/3 - 3*d**2. Let r be (-4 - -2) + 1 + 4. Calculate k(r).
5
Let m(x) be the third derivative of x**5/10 + x**4/24 - x**2. Give m(1).
7
Let o(b) = 8*b + 2. Let p(i) = -7*i - 2. Let k(u) = 6*o(u) + 7*p(u). Suppose -5*l - 16 = 3*m, 0*m + 2 = -5*l + 4*m. Let q = -3 - l. Determine k(q).
-1
Let b(u) be the second derivative of -u**5/20 + u**4/3 + 7*u**3/6 - 7*u**2/2 - 35*u. Suppose k - 11 = 3*l - 31, 4*l + k - 15 = 0. Determine b(l).
3
Let k(g) = -g**2 - 5*g + 1. Let a be 3 - 17/6 - (-62)/(-12). Determine k(a).
1
Let j(x) = 4*x**2 + 5. Let o(c) = -c**2 - 1. Let f(w) = -j(w) - 5*o(w). Let g be f(1). Let s(u) = 6*u - 1. Give s(g).
5
Let w(s) = 164*s - 1 - 4 - 163*s. Suppose 2*a + 2 = -q - 8, -4*q = 5*a + 28. Calculate w(a).
-9
Let m(q) be the second derivative of -q**3/3 + 3*q**2 + q + 4. What is m(5)?
-4
Let r(b) = 2*b**2 - 7*b + 6*b + 8*b**2. Give r(-1).
11
Let t(n) be the third derivative of n**7/2520 - n**6/240 - n**5/120 + n**4/24 + 5*n**2. Let u(c) be the second derivative of t(c). Determine u(5).
9
Let i(r) = r**2 + 5*r + 3. Let v be i(-5). Let a(t) = -6 - v*t - 2*t + 4 + 7*t. What is a(-4)?
-10
Suppose 2*t = 5*m + 4 + 10, 5*m = -10. Let a(c) = c**3 + 4*c + 2 + 11*c**t - 1 - 7*c**2. Calculate a(-3).
-2
Let i(q) = q - 1. Let g(f) = 0*f + 2 + 2*f - 3*f. Let h 